{"id":1402,"date":"2019-06-13T17:39:18","date_gmt":"2019-06-13T16:39:18","guid":{"rendered":"http:\/\/choeur-schutz.fr\/web_schutz\/?page_id=1402"},"modified":"2020-10-13T15:26:09","modified_gmt":"2020-10-13T14:26:09","slug":"saison-2019","status":"publish","type":"page","link":"http:\/\/choeur-schutz.fr\/web_schutz\/?page_id=1402","title":{"rendered":"Saison 2019"},"content":{"rendered":"\n<div class=\"wp-block-media-text alignwide\"><figure class=\"wp-block-media-text__media\"><img loading=\"lazy\" decoding=\"async\" width=\"729\" height=\"1024\" src=\"http:\/\/choeur-schutz.fr\/web_schutz\/wp-content\/uploads\/2019\/06\/affiche-V\u00eapres-Gr\u00e9sy-sur-Aix-2019-1-729x1024.jpg\" alt=\"\" class=\"wp-image-1405\" srcset=\"http:\/\/choeur-schutz.fr\/web_schutz\/wp-content\/uploads\/2019\/06\/affiche-V\u00eapres-Gr\u00e9sy-sur-Aix-2019-1-729x1024.jpg 729w, http:\/\/choeur-schutz.fr\/web_schutz\/wp-content\/uploads\/2019\/06\/affiche-V\u00eapres-Gr\u00e9sy-sur-Aix-2019-1-107x150.jpg 107w, http:\/\/choeur-schutz.fr\/web_schutz\/wp-content\/uploads\/2019\/06\/affiche-V\u00eapres-Gr\u00e9sy-sur-Aix-2019-1-213x300.jpg 213w, http:\/\/choeur-schutz.fr\/web_schutz\/wp-content\/uploads\/2019\/06\/affiche-V\u00eapres-Gr\u00e9sy-sur-Aix-2019-1-768x1079.jpg 768w, http:\/\/choeur-schutz.fr\/web_schutz\/wp-content\/uploads\/2019\/06\/affiche-V\u00eapres-Gr\u00e9sy-sur-Aix-2019-1.jpg 908w\" sizes=\"auto, (max-width: 729px) 100vw, 729px\" \/><\/figure><div class=\"wp-block-media-text__content\">\n<p class=\"has-normal-font-size\">3 beaux concerts :<\/p>\n\n\n\n<p class=\"has-normal-font-size\"><strong>TURIN <\/strong>: 9 juin 2019<\/p>\n\n\n\n<p><strong>LA ROCHE \/FORON<\/strong> &#8211; 29 juin 2019<\/p>\n\n\n\n<p><strong>GR\u00c9SY\/AIX<\/strong> &#8211; 30 juin 2019<\/p>\n<\/div><\/div>\n\n\n\n<p><\/p>\n\n\n\n<div class=\"wp-block-media-text alignwide\"><figure class=\"wp-block-media-text__media\"><img loading=\"lazy\" decoding=\"async\" width=\"729\" height=\"1024\" src=\"http:\/\/choeur-schutz.fr\/web_schutz\/wp-content\/uploads\/2019\/04\/affiche-teixeira-2019-3-729x1024.jpg\" alt=\"\" class=\"wp-image-1258\"\/><\/figure><div class=\"wp-block-media-text__content\">\n<p style=\"font-size:17px\">3 merveilleux concerts en collaboration avec La chapelle vocale de Lausanne<\/p>\n\n\n\n<p><strong>Gen\u00e8ve <\/strong>&#8211; 17 mai 2019<\/p>\n\n\n\n<p><strong>Annecy<\/strong> &#8211; 18 mai 2019<\/p>\n\n\n\n<p><strong>Lausanne<\/strong> &#8211; 19 mai 2019<\/p>\n<\/div><\/div>\n\n\n\n<p style=\"background-color:#f8a604;color:#271506\" class=\"has-text-color has-background\"><strong>Merci \u00e0 tous nos auditeurs de Gen\u00e8ve, Annecy et Lausanne, qui si nombreux, ont offert aux musiciens, solistes, choristes et surtout au chef de choeurs une ovation que nous ne sommes pas pr\u00eat d&rsquo;oublier. <br>Nous vous livrons ici quelques retours&#8230;<\/strong><br>\u00ab\u00a0Vous  nous avez offert un moment sublime , la d\u00e9couverte d\u2019une \u0153uvre \u00a0et  d\u2019une interpr\u00e9tation qui m\u00e9ritent tous les qualificatifs et plus encore\u00a0\u00bb  A.D.<br>\u00a0\u00bb Toutes mes f\u00e9licitations \u00e0  toi, \u00e0 Gonzalo et \u00e0 toute l&rsquo;\u00e9quipe pour ce merveilleux concert !!! J&rsquo;ai  bien eu raison de faire la pub et dimanche \u00e0 St Fran\u00e7ois (malgr\u00e9 que je  n&rsquo;y aime pas l&rsquo;acoustique), je me suis r\u00e9gal\u00e9 et votre performance a  bien combl\u00e9 mes expectatives ! Un grand BRAVO, alors, que je te prie de  bien transmettre \u00e0 Gonzalo !\u00a0\u00bb C.V.<br>\u00ab\u00a0Je  reviens vers vous suite \u00e0 ce merveilleux concert \u00e0 Annecy Cran.  J&rsquo;esp\u00e8re que celui de dimanche dernier s&rsquo;est encore bien pass\u00e9 \u00e0  Lausanne.<br>J&rsquo;aurais voulu y aller pour vous \u00e9couter encore une fois, mais je n&rsquo;ai trouv\u00e9 personne pour m&rsquo;accompagner.<br>C&rsquo;\u00e9tait  un splendide concert que cette \u0153uvre de TEIXEIRA et je regrette qu&rsquo;il  n&rsquo;y ait pas eu un enregistrement de l&rsquo;un des 3 concerts. Cela aurait  valu la peine pour une \u0153uvre si peu connue mais tellement magnifique. Je  pense que vous l&rsquo;auriez bien vendu.<br>J&rsquo;ai quand m\u00eame trouv\u00e9 un CD sur Amazon. Il est tr\u00e8s bien, mais je pr\u00e9f\u00e8re votre version.\u00a0\u00bb M.L.E.<br>\u00a0\u00bb nous vous remercions de votre concert du Te Deum ce dernier samedi \u00e0 Car. Quelle beaut\u00e9! Quel r\u00e9gal! Quel travail!<br>Le chef de ch\u0153ur, les cinq ch\u0153urs, les solistes, l&rsquo;orchestre, tout \u00e9tait parfait !\u00a0\u00bb J.N.<br>\u00a0\u00bb  Encore tout plein de musique exub\u00e9rante et magique, juste te dire que  nous avons ador\u00e9, avec un final \u00e9poustouflant. Magnifique  interpr\u00e9tation, direction et tr\u00e8s belles voix ch\u0153urs et solistes in  corpore ! Beaucoup de superlatifs m\u00e9rit\u00e9s!\u00a0\u00bb<br>\u00ab\u00a0\u00c7a  \u00e9t\u00e9 un tr\u00e8s beau voyage musical avec une \u0153uvre sublime, une magnifique  brochette de solistes, des ch\u0153urs extr\u00eamement bien pr\u00e9par\u00e9s et un  directeur exceptionnel. Que dire de plus. j\u2019esp\u00e8re de tout c\u0153ur que nous  aurons \u00e0 l&rsquo;avenir l\u2019opportunit\u00e9 de revivre de grands moments musicaux  pareils!\u00a0\u00bb<br>\u00a0\u00bb merci de nous avoir  donn\u00e9 cet inoubliable concert samedi. Beaucoup d&rsquo;\u00e9motion et  d&rsquo;admirations de la part de tous les auditeurs.\u00a0\u00bb<\/p>\n\n\n\n<div class=\"wp-block-group is-layout-flow wp-block-group-is-layout-flow\"><div class=\"wp-block-group__inner-container\"><\/div><\/div>\n","protected":false},"excerpt":{"rendered":"<p>3 beaux concerts : TURIN : 9 juin 2019 LA ROCHE \/FORON &#8211; 29 juin 2019 GR\u00c9SY\/AIX &#8211; 30 juin 2019 3 merveilleux concerts en collaboration avec La chapelle vocale de Lausanne Gen\u00e8ve &#8211; 17 mai 2019 Annecy &#8211; 18 &hellip; <a href=\"http:\/\/choeur-schutz.fr\/web_schutz\/?page_id=1402\">Continuer la lecture <span class=\"meta-nav\">&rarr;<\/span><\/a><\/p>\n","protected":false},"author":1,"featured_media":0,"parent":306,"menu_order":-1,"comment_status":"closed","ping_status":"closed","template":"","meta":{"_acf_changed":false,"footnotes":""},"class_list":["post-1402","page","type-page","status-publish","hentry"],"acf":[],"_links":{"self":[{"href":"http:\/\/choeur-schutz.fr\/web_schutz\/index.php?rest_route=\/wp\/v2\/pages\/1402","targetHints":{"allow":["GET"]}}],"collection":[{"href":"http:\/\/choeur-schutz.fr\/web_schutz\/index.php?rest_route=\/wp\/v2\/pages"}],"about":[{"href":"http:\/\/choeur-schutz.fr\/web_schutz\/index.php?rest_route=\/wp\/v2\/types\/page"}],"author":[{"embeddable":true,"href":"http:\/\/choeur-schutz.fr\/web_schutz\/index.php?rest_route=\/wp\/v2\/users\/1"}],"replies":[{"embeddable":true,"href":"http:\/\/choeur-schutz.fr\/web_schutz\/index.php?rest_route=%2Fwp%2Fv2%2Fcomments&post=1402"}],"version-history":[{"count":7,"href":"http:\/\/choeur-schutz.fr\/web_schutz\/index.php?rest_route=\/wp\/v2\/pages\/1402\/revisions"}],"predecessor-version":[{"id":9459,"href":"http:\/\/choeur-schutz.fr\/web_schutz\/index.php?rest_route=\/wp\/v2\/pages\/1402\/revisions\/9459"}],"up":[{"embeddable":true,"href":"http:\/\/choeur-schutz.fr\/web_schutz\/index.php?rest_route=\/wp\/v2\/pages\/306"}],"wp:attachment":[{"href":"http:\/\/choeur-schutz.fr\/web_schutz\/index.php?rest_route=%2Fwp%2Fv2%2Fmedia&parent=1402"}],"curies":[{"name":"wp","href":"https:\/\/api.w.org\/{rel}","templated":true}]}}

<div class="wp-block-media-text alignwide"><figure class="wp-block-media-text__media"><img loading="lazy" decoding="async" width="729" height="1024" src="http://choeur-schutz.fr/web_schutz/wp-content/uploads/2019/06/affiche-Vêpres-Grésy-sur-Aix-2019-1-729x1024.jpg" alt="" class="wp-image-1405" srcset="http://choeur-schutz.fr/web_schutz/wp-content/uploads/2019/06/affiche-Vêpres-Grésy-sur-Aix-2019-1-729x1024.jpg 729w, http://choeur-schutz.fr/web_schutz/wp-content/uploads/2019/06/affiche-Vêpres-Grésy-sur-Aix-2019-1-107x150.jpg 107w, http://choeur-schutz.fr/web_schutz/wp-content/uploads/2019/06/affiche-Vêpres-Grésy-sur-Aix-2019-1-213x300.jpg 213w, http://choeur-schutz.fr/web_schutz/wp-content/uploads/2019/06/affiche-Vêpres-Grésy-sur-Aix-2019-1-768x1079.jpg 768w, http://choeur-schutz.fr/web_schutz/wp-content/uploads/2019/06/affiche-Vêpres-Grésy-sur-Aix-2019-1.jpg 908w" sizes="auto, (max-width: 729px) 100vw, 729px" /></figure><div class="wp-block-media-text__content">
<p class="has-normal-font-size">3 beaux concerts :</p>



<p class="has-normal-font-size"><strong>TURIN </strong>: 9 juin 2019</p>



<p><strong>LA ROCHE /FORON</strong> &#8211; 29 juin 2019</p>



<p><strong>GRÉSY/AIX</strong> &#8211; 30 juin 2019</p>
</div></div>



<p></p>



<div class="wp-block-media-text alignwide"><figure class="wp-block-media-text__media"><img loading="lazy" decoding="async" width="729" height="1024" src="http://choeur-schutz.fr/web_schutz/wp-content/uploads/2019/04/affiche-teixeira-2019-3-729x1024.jpg" alt="" class="wp-image-1258"/></figure><div class="wp-block-media-text__content">
<p style="font-size:17px">3 merveilleux concerts en collaboration avec La chapelle vocale de Lausanne</p>



<p><strong>Genève </strong>&#8211; 17 mai 2019</p>



<p><strong>Annecy</strong> &#8211; 18 mai 2019</p>



<p><strong>Lausanne</strong> &#8211; 19 mai 2019</p>
</div></div>



<p style="background-color:#f8a604;color:#271506" class="has-text-color has-background"><strong>Merci à tous nos auditeurs de Genève, Annecy et Lausanne, qui si nombreux, ont offert aux musiciens, solistes, choristes et surtout au chef de choeurs une ovation que nous ne sommes pas prêt d&rsquo;oublier. <br>Nous vous livrons ici quelques retours&#8230;</strong><br>« Vous  nous avez offert un moment sublime , la découverte d’une œuvre  et  d’une interprétation qui méritent tous les qualificatifs et plus encore »  A.D.<br> » Toutes mes félicitations à  toi, à Gonzalo et à toute l&rsquo;équipe pour ce merveilleux concert !!! J&rsquo;ai  bien eu raison de faire la pub et dimanche à St François (malgré que je  n&rsquo;y aime pas l&rsquo;acoustique), je me suis régalé et votre performance a  bien comblé mes expectatives ! Un grand BRAVO, alors, que je te prie de  bien transmettre à Gonzalo ! » C.V.<br>« Je  reviens vers vous suite à ce merveilleux concert à Annecy Cran.  J&rsquo;espère que celui de dimanche dernier s&rsquo;est encore bien passé à  Lausanne.<br>J&rsquo;aurais voulu y aller pour vous écouter encore une fois, mais je n&rsquo;ai trouvé personne pour m&rsquo;accompagner.<br>C&rsquo;était  un splendide concert que cette œuvre de TEIXEIRA et je regrette qu&rsquo;il  n&rsquo;y ait pas eu un enregistrement de l&rsquo;un des 3 concerts. Cela aurait  valu la peine pour une œuvre si peu connue mais tellement magnifique. Je  pense que vous l&rsquo;auriez bien vendu.<br>J&rsquo;ai quand même trouvé un CD sur Amazon. Il est très bien, mais je préfère votre version. » M.L.E.<br> » nous vous remercions de votre concert du Te Deum ce dernier samedi à Car. Quelle beauté! Quel régal! Quel travail!<br>Le chef de chœur, les cinq chœurs, les solistes, l&rsquo;orchestre, tout était parfait ! » J.N.<br> »  Encore tout plein de musique exubérante et magique, juste te dire que  nous avons adoré, avec un final époustouflant. Magnifique  interprétation, direction et très belles voix chœurs et solistes in  corpore ! Beaucoup de superlatifs mérités! »<br>« Ça  été un très beau voyage musical avec une œuvre sublime, une magnifique  brochette de solistes, des chœurs extrêmement bien préparés et un  directeur exceptionnel. Que dire de plus. j’espère de tout cœur que nous  aurons à l&rsquo;avenir l’opportunité de revivre de grands moments musicaux  pareils! »<br> » merci de nous avoir  donné cet inoubliable concert samedi. Beaucoup d&rsquo;émotion et  d&rsquo;admirations de la part de tous les auditeurs. »</p>



<div class="wp-block-group is-layout-flow wp-block-group-is-layout-flow"><div class="wp-block-group__inner-container"></div></div>

<p>3 beaux concerts : TURIN : 9 juin 2019 LA ROCHE /FORON &#8211; 29 juin 2019 GRÉSY/AIX &#8211; 30 juin 2019 3 merveilleux concerts en collaboration avec La chapelle vocale de Lausanne Genève &#8211; 17 mai 2019 Annecy &#8211; 18 &hellip; <a href="http://choeur-schutz.fr/web_schutz/?page_id=1402">Continuer la lecture <span class="meta-nav">&rarr;</span></a></p>
