{"id":170,"date":"2014-01-01T17:53:13","date_gmt":"2014-01-01T16:53:13","guid":{"rendered":"http:\/\/choeur-schutz.fr\/web_schutz\/?page_id=170"},"modified":"2026-03-18T16:15:38","modified_gmt":"2026-03-18T15:15:38","slug":"programme-a-venir","status":"publish","type":"page","link":"http:\/\/choeur-schutz.fr\/web_schutz\/?page_id=170","title":{"rendered":"\u00c0 VENIR"},"content":{"rendered":"\n<div class=\"wp-block-group\"><div class=\"wp-block-group__inner-container is-layout-flow wp-block-group-is-layout-flow\">\n<div class=\"wp-block-group\"><div class=\"wp-block-group__inner-container is-layout-flow wp-block-group-is-layout-flow\">\n<p class=\"has-white-color has-text-color has-background\" style=\"background-color:#6d1c0c;font-size:27px\">Johan Sebastien BACH &#8211; Messe en SI<\/p>\n\n\n\n<h2 class=\"wp-block-heading has-medium-font-size\"><strong><u>Oeuvre testamentaire de Bach, synth\u00e8se de tout son savoir-faire<\/u><\/strong><\/h2>\n\n\n\n<p class=\"has-background\" style=\"background-color:#eb9032\"><strong>L&rsquo;Ensemble vocal Sch\u00fctz, <\/strong><br><strong>La Chapelle Vocale de Lausanne, <\/strong><br><strong>L&rsquo;Orchestre baroque du L\u00e9man <br>        Camille All\u00e9rat (soprano 1) <br>        Marine Margot (soprano 2) <br>        Rodrigo Sosa dal Pozzo (contre-t\u00e9nor)<br>        Davy Cornillot (t\u00e9nor) <br>        Samuel Moreno (basse)<\/strong><br><strong>Tous plac\u00e9s sous la direction de Gonzalo Martinez.<\/strong><\/p>\n\n\n\n<p class=\"has-background\" style=\"background-color:#eb9032\"><strong><em>La Messe en Si mineur : quelques \u00e9l\u00e9ments d\u2019approche<\/em><\/strong><\/p>\n\n\n\n\n\n<div class=\"wp-block-media-text has-media-on-the-right is-stacked-on-mobile\"><div class=\"wp-block-media-text__content\">\n<p><strong>Composition<\/strong><br><br>Lorsqu\u2019entre 1748 et 1749, Johann Sebastian Bach compose l\u2019\u0153uvre que nous connaissons sous le nom de Messe en Si mineur, il lui reste peu de temps \u00e0 vivre. Sa vue commence \u00e0 baisser. Ses relations avec son employeur, la ville de Leipzig, sont ex\u00e9crables. Il a eu une vie enti\u00e8re de musique, \u00e9norme capital souffl\u00e9 par son g\u00e9nie et accumul\u00e9 pendant des ann\u00e9es de travail. C\u2019est ce capital qu\u2019il utilise pour composer. Comme il l\u2019a souvent fait, il r\u00e9utilise des parties de ses cantates et de ses \u0153uvres ant\u00e9rieures, mani\u00e8re de faire parfaitement normale \u00e0 une \u00e9poque o\u00f9 les \u0153uvres ne sont jou\u00e9es que quelques fois et rarement diffus\u00e9es au-del\u00e0 du milieu des musiciens professionnels.<\/p>\n<\/div><figure class=\"wp-block-media-text__media\"><img loading=\"lazy\" decoding=\"async\" width=\"751\" height=\"1024\" src=\"https:\/\/choeur-schutz.fr\/web_schutz\/wp-content\/uploads\/2026\/03\/Capture-decran-2026-03-18-a-11.32.14-751x1024.png\" alt=\"\" class=\"wp-image-21185 size-full\" srcset=\"http:\/\/choeur-schutz.fr\/web_schutz\/wp-content\/uploads\/2026\/03\/Capture-decran-2026-03-18-a-11.32.14-751x1024.png 751w, http:\/\/choeur-schutz.fr\/web_schutz\/wp-content\/uploads\/2026\/03\/Capture-decran-2026-03-18-a-11.32.14-220x300.png 220w, http:\/\/choeur-schutz.fr\/web_schutz\/wp-content\/uploads\/2026\/03\/Capture-decran-2026-03-18-a-11.32.14-110x150.png 110w, http:\/\/choeur-schutz.fr\/web_schutz\/wp-content\/uploads\/2026\/03\/Capture-decran-2026-03-18-a-11.32.14-768x1047.png 768w, http:\/\/choeur-schutz.fr\/web_schutz\/wp-content\/uploads\/2026\/03\/Capture-decran-2026-03-18-a-11.32.14-1127x1536.png 1127w, http:\/\/choeur-schutz.fr\/web_schutz\/wp-content\/uploads\/2026\/03\/Capture-decran-2026-03-18-a-11.32.14.png 1406w\" sizes=\"auto, (max-width: 751px) 100vw, 751px\" \/><\/figure><\/div>\n\n\n\n<p>Ainsi, la base de la Messe en Si mineur est une messe br\u00e8ve (compos\u00e9e d\u2019un <em>Kyrie<\/em> et d\u2019un <em>Gloria<\/em>), compos\u00e9e en 1733, pour la cour de Dresde, o\u00f9 son fils Wilhelm Friedmann cherche et obtient une place d\u2019organiste \u00e0 l\u2019\u00e9glise Sainte Sophie. Sans doute jamais ex\u00e9cut\u00e9e, cette \u0153uvre devient quinze ans plus tard la premi\u00e8re partie de la Messe en Si mineur, la <em>Missa<\/em>. Reprise telle quelle, elle d\u00e9termine la composition de l\u2019orchestre et le fait que la nouvelle \u0153uvre aura une majorit\u00e9 de ch\u0153urs \u00e0 5 voix (soprano I, soprano II, alto, t\u00e9nor, basse) <br><br>Bach reprend \u00e9galement le Sanctus (BWV 232), compos\u00e9 en 1724, des parties d\u2019un Gloria in excelsis Deo (BWV 191) de 1742, un ch\u0153ur de la cantate BWV 46 \u00ab\u00a0<em>Schauet doch und sehet ob irgend ein Schmerz sei<\/em>\u00a0\u00bb de 1723 pour le <em>Qui tollis<\/em>, un autre de la cantate BWV 12 \u00ab\u00a0<em>Weinen, Klagen, Sorgen, Zagen<\/em> \u00bb de 1714 pour le sublime <em>Crucifixus<\/em>, etc.<br><br>Seuls trois morceaux sur les 27 que compte la Messe en Si mineur sont compos\u00e9s entre 1748 et 1749 : le <em>Credo<\/em>, le <em>Et incarnatus est<\/em> et le <em>Confiteor<\/em>.<\/p>\n\n\n\n<p>Bach alterne savamment des morceaux tourn\u00e9s vers le pass\u00e9 musical occidental et des parties qui pourraient s\u2019int\u00e9grer aux plus r\u00e9centes compositions de son \u00e9poque. En stile antico, on entend des phrases tir\u00e9es de chants gr\u00e9goriens (dans le second <em>Kyrie Eleison<\/em>, dans le <em>Gratias<\/em>, le <em>Credo<\/em>, le <em>Confiteor<\/em>, etc.) qui forment la base de la composition. En stile moderno, on a le duo d\u2019amour digne d\u2019un op\u00e9ra italien du <em>Christe Eleison<\/em>, les explosions festives du <em>Et resurrexit<\/em> et du <em>Et expecto<\/em>. Et le g\u00e9nie de Bach ouvre, par l\u2019utilisation de passages dissonants, d\u00e9rangeants presque (comme l\u2019adagio qui cl\u00f4t le <em>Confiteor<\/em>) ouvre la voie \u00e0 la musique tonale contemporaine. <br><br>L\u2019extraordinaire est que l\u2019\u0153uvre est un tout, sans raccords, sans maladresses ou morceaux faisant manifestement jointure. La Messe en Si mineur sort toute arm\u00e9e du cerveau de Bach entre 1748 et 1749, synth\u00e8se de plus de quarante ans de son savoir, de son savoir-faire et de son g\u00e9nie musical.<br><\/p>\n\n\n\n<div class=\"wp-block-media-text is-stacked-on-mobile\"><figure class=\"wp-block-media-text__media\"><img loading=\"lazy\" decoding=\"async\" width=\"790\" height=\"1024\" src=\"https:\/\/choeur-schutz.fr\/web_schutz\/wp-content\/uploads\/2026\/03\/Capture-decran-2026-03-18-a-11.33.47-790x1024.png\" alt=\"\" class=\"wp-image-21184 size-full\" srcset=\"http:\/\/choeur-schutz.fr\/web_schutz\/wp-content\/uploads\/2026\/03\/Capture-decran-2026-03-18-a-11.33.47-790x1024.png 790w, http:\/\/choeur-schutz.fr\/web_schutz\/wp-content\/uploads\/2026\/03\/Capture-decran-2026-03-18-a-11.33.47-232x300.png 232w, http:\/\/choeur-schutz.fr\/web_schutz\/wp-content\/uploads\/2026\/03\/Capture-decran-2026-03-18-a-11.33.47-116x150.png 116w, http:\/\/choeur-schutz.fr\/web_schutz\/wp-content\/uploads\/2026\/03\/Capture-decran-2026-03-18-a-11.33.47-768x995.png 768w, http:\/\/choeur-schutz.fr\/web_schutz\/wp-content\/uploads\/2026\/03\/Capture-decran-2026-03-18-a-11.33.47-1186x1536.png 1186w, http:\/\/choeur-schutz.fr\/web_schutz\/wp-content\/uploads\/2026\/03\/Capture-decran-2026-03-18-a-11.33.47.png 1388w\" sizes=\"auto, (max-width: 790px) 100vw, 790px\" \/><\/figure><div class=\"wp-block-media-text__content\">\n<p><strong><em>Distance, objectivit\u00e9, abstraction, universalit\u00e9<\/em><\/strong><\/p>\n\n\n\n<p>La Messe en Si mineur n\u2019est pas destin\u00e9e \u00e0 une liturgie. A elle seule, la dur\u00e9e de l\u2019\u0153uvre interdit son emploi dans le cadre d\u2019une messe, m\u00eame particuli\u00e8rement solennelle. Les trois morceaux du <em>Kyrie<\/em> initial durent plus de 18 minutes, le <em>Symbolum nicenum<\/em> et ses neuf parties une demi-heure&#8230; La Messe en Si mineur se diff\u00e9rencie par ailleurs de toutes les autres \u0153uvres de musique chorale de Bach.<\/p>\n<\/div><\/div>\n\n\n\n<p class=\"font_8 wixui-rich-text__text\"><span class=\"color_37 wixui-rich-text__text\"><span class=\"wixui-rich-text__text\">En effet, ses cantates impliquent l\u2019auditeur. Elles sont chant\u00e9es en allemand ; les textes sont souvent \u00e0 la premi\u00e8re personne du singulier et d\u00e9livrent des messages de foi clairs ; les chorals sont souvent compos\u00e9s sur des m\u00e9lodies populaires et peuvent \u00eatre repris par l\u2019assembl\u00e9e des fid\u00e8les, comme le souhaitait Luther :\u00a0 \u00ab Chanter, c\u2019est prier deux fois \u00bb.<\/span><\/span><\/p>\n<p class=\"font_8 wixui-rich-text__text\"><span class=\"color_37 wixui-rich-text__text\"><span class=\"wixui-rich-text__text\">Les Passions sont dramatiques ; leurs ch\u0153urs peuvent \u00eatre d\u00e9monstrativement violents (Kreuzigen !). Elles comm\u00e9morent la mort du Christ dans une mise en sc\u00e8ne musicale des \u00e9vangiles. Les fid\u00e8les sont un public, \u00e9mu, transport\u00e9 par les \u00e9v\u00e9nements qui se d\u00e9roulent musicalement devant lui.<\/span><\/span><\/p>\n<p class=\"font_8 wixui-rich-text__text\"><span class=\"color_37 wixui-rich-text__text\"><span class=\"wixui-rich-text__text\">La Messe en Si mineur n\u2019est ni dramatique, ni passionn\u00e9e. L\u2019auditeur est tenu \u00e0 distance de la signification du texte par le latin. Puissante, hi\u00e9ratique, parfois difficile, la musique, marqu\u00e9e par le contrepoint que Bach domine si parfaitement qu\u2019il le sublime, a une qualit\u00e9 objective, distanc\u00e9e, presque abstraite.<\/span><\/span><\/p>\n<p class=\"font_8 wixui-rich-text__text\"><span class=\"color_37 wixui-rich-text__text\"><span class=\"wixui-rich-text__text\">Elle ne sera d\u2019ailleurs pas ex\u00e9cut\u00e9e du vivant de Bach et il faudra attendre le Bach Revival du XIX e si\u00e8cle pour que cette \u0153uvre monumentale sorte du cercle des professionnels de la musique. C\u2019est alors qu\u2019on la d\u00e9signe sous le nom de Grosse Messe in h moll. La premi\u00e8re ex\u00e9cution int\u00e9grale aura lieu \u00e0 Francfort-sur-le Main en 1856, plus de cent ans apr\u00e8s le d\u00e9c\u00e8s de Johann Sebastian Bach.<br \/><br \/>Jean-Christophe Bourquin<\/span><\/span><\/p>\n<hr \/>\n<p>\u00a0<\/p>\n\n\n\n<p class=\"has-text-align-center has-background\" style=\"background-color:#eb9032\"><strong>\u00c9t\u00e9 2026<\/strong><\/p>\n\n\n\n<p class=\"has-text-align-center has-white-color has-text-color has-background\" style=\"background-color:#6d1c0c;font-size:27px\">Dans le m\u00eame temps, un beau programme en pr\u00e9paration.<br>Musique baroque espagnole&#8230;<br>Concerts les 4 et 5  juillet<\/p>\n<\/div><\/div>\n\n\n\n<h2 class=\"wp-block-heading has-background\" style=\"background-color:#ea9c27\">Suivez nous&#8230;.<\/h2>\n\n\n\n<p class=\"has-text-color has-link-color wp-elements-500d6128a5e7ee74c61c427aa0aa6b4a\" style=\"color:#67300d;font-style:normal;font-weight:500\"><br><br><\/p>\n\n\n\n<div class=\"wp-block-group\"><div class=\"wp-block-group__inner-container is-layout-constrained wp-block-group-is-layout-constrained\"><\/div><\/div>\n<\/div><\/div>\n\n\n\n<p>&nbsp;<\/p>\n\n\n\n<p>&nbsp;<\/p>\n\n\n\n<h1 class=\"wp-block-heading\">&nbsp;<\/h1>\n\n\n\n<h4 class=\"wp-block-heading\">&nbsp;<\/h4>\n\n\n\n<h4 class=\"wp-block-heading\">&nbsp;<\/h4>\n\n\n\n<p><span style=\"color: #000000; font-size: 1.4em; line-height: 1.5em;\">&nbsp;<\/span><\/p>\n\n\n\n<p>&nbsp;<\/p>\n\n\n<p>&nbsp;<\/p>","protected":false},"excerpt":{"rendered":"<p>Johan Sebastien BACH &#8211; Messe en SI Oeuvre testamentaire de Bach, synth\u00e8se de tout son savoir-faire L&rsquo;Ensemble vocal Sch\u00fctz, La Chapelle Vocale de Lausanne, L&rsquo;Orchestre baroque du L\u00e9man Camille All\u00e9rat (soprano 1) Marine Margot (soprano 2) Rodrigo Sosa dal Pozzo &hellip; <a href=\"http:\/\/choeur-schutz.fr\/web_schutz\/?page_id=170\">Continuer la lecture <span class=\"meta-nav\">&rarr;<\/span><\/a><\/p>\n","protected":false},"author":1,"featured_media":0,"parent":906,"menu_order":3,"comment_status":"open","ping_status":"closed","template":"","meta":{"_acf_changed":false,"footnotes":""},"class_list":["post-170","page","type-page","status-publish","hentry"],"acf":[],"_links":{"self":[{"href":"http:\/\/choeur-schutz.fr\/web_schutz\/index.php?rest_route=\/wp\/v2\/pages\/170","targetHints":{"allow":["GET"]}}],"collection":[{"href":"http:\/\/choeur-schutz.fr\/web_schutz\/index.php?rest_route=\/wp\/v2\/pages"}],"about":[{"href":"http:\/\/choeur-schutz.fr\/web_schutz\/index.php?rest_route=\/wp\/v2\/types\/page"}],"author":[{"embeddable":true,"href":"http:\/\/choeur-schutz.fr\/web_schutz\/index.php?rest_route=\/wp\/v2\/users\/1"}],"replies":[{"embeddable":true,"href":"http:\/\/choeur-schutz.fr\/web_schutz\/index.php?rest_route=%2Fwp%2Fv2%2Fcomments&post=170"}],"version-history":[{"count":82,"href":"http:\/\/choeur-schutz.fr\/web_schutz\/index.php?rest_route=\/wp\/v2\/pages\/170\/revisions"}],"predecessor-version":[{"id":21186,"href":"http:\/\/choeur-schutz.fr\/web_schutz\/index.php?rest_route=\/wp\/v2\/pages\/170\/revisions\/21186"}],"up":[{"embeddable":true,"href":"http:\/\/choeur-schutz.fr\/web_schutz\/index.php?rest_route=\/wp\/v2\/pages\/906"}],"wp:attachment":[{"href":"http:\/\/choeur-schutz.fr\/web_schutz\/index.php?rest_route=%2Fwp%2Fv2%2Fmedia&parent=170"}],"curies":[{"name":"wp","href":"https:\/\/api.w.org\/{rel}","templated":true}]}}