{"id":314,"date":"2014-10-24T23:03:54","date_gmt":"2014-10-24T22:03:54","guid":{"rendered":"http:\/\/choeur-schutz.fr\/web_schutz\/?page_id=314"},"modified":"2022-10-17T14:55:31","modified_gmt":"2022-10-17T13:55:31","slug":"sites-amis","status":"publish","type":"page","link":"http:\/\/choeur-schutz.fr\/web_schutz\/?page_id=314","title":{"rendered":"SITES AMIS"},"content":{"rendered":"<h1><span style=\"color: #666699;\"><a style=\"color: #666699;\" href=\"https:\/\/www.lachapellevocale.org\"><strong><span style=\"color: #333399;\">La chapelle vocale de <\/span><span style=\"color: #666699;\"><span style=\"color: #333399;\">Lausanne<\/span><\/span><\/strong><\/a><\/span><\/h1>\n<h1><a href=\"https:\/\/club-choir.web.cern.ch\/fr\"><strong><span style=\"color: #666699;\">Ch\u0153ur du CERN<\/span><\/strong><\/a><br \/><br \/><span style=\"color: #666699;\"><a style=\"color: #666699;\" href=\"http:\/\/www.baroqueleman.ch\">Orchestre baroque du L\u00e9man<\/a><\/span><\/h1>\n<h1><span style=\"color: #666699;\"><a style=\"color: #666699;\" href=\"http:\/\/jeunvoix.pagesperso-orange.fr\/index.html\">Ensemble jeun&rsquo;voix<\/a><\/span><\/h1>\n<h1><span style=\"color: #666699;\"><a style=\"color: #666699;\" href=\"http:\/\/www.ferney-voltaire.fr\/TPL_CODE\/TPL_EVENEMENT\/PAR_TPL_IDENTIFIANT\/358\/113-evenements.htm\">Commune de FERNEY-VOLTAIRE- \u00c9v\u00e8nements<\/a><\/span><\/h1>\n<h1><span style=\"color: #666699;\"><a style=\"color: #666699;\" href=\"http:\/\/www.festivalmontblanc.fr\">Festival baroque du\u00a0Mont-Blanc<\/a><\/span><\/h1>\n<h1><span style=\"color: #666699;\"><a style=\"color: #666699;\" href=\"http:\/\/www.festivalorguechamonix.fr\">Les heures d&rsquo;orgue de Chamonix<\/a><\/span><\/h1>\n<h1><span style=\"color: #666699;\"><a style=\"color: #666699;\" href=\"http:\/\/www.notre-orgue.com\/index.htm\">Les amis de l&rsquo;orgue de Lanfon Veyrier<\/a><\/span><\/h1>\n<h1><span style=\"color: #666699;\"><a style=\"color: #666699;\" href=\"https:\/\/lesorguesdebeaumont74.com\/\">Les amis de l&rsquo;orgue de Beaumont<\/a><\/span><\/h1>\n<h1><span style=\"color: #666699;\"><a style=\"color: #666699;\" href=\"https:\/\/www.musiqueetnature.fr\" target=\"_blank\" rel=\"noopener\">Festival Musique et Nature en Bauges<\/a><\/span><\/h1>\n<h1>\u00a0<\/h1>\n<h1>\u00a0<\/h1>\n\n\n<p><\/p>\n","protected":false},"excerpt":{"rendered":"<p>La chapelle vocale de Lausanne Ch\u0153ur du CERN Orchestre baroque du L\u00e9man Ensemble jeun&rsquo;voix Commune de FERNEY-VOLTAIRE- \u00c9v\u00e8nements Festival baroque du\u00a0Mont-Blanc Les heures d&rsquo;orgue de Chamonix Les amis de l&rsquo;orgue de Lanfon Veyrier Les amis de l&rsquo;orgue de Beaumont Festival &hellip; <a href=\"http:\/\/choeur-schutz.fr\/web_schutz\/?page_id=314\">Continuer la lecture <span class=\"meta-nav\">&rarr;<\/span><\/a><\/p>\n","protected":false},"author":1,"featured_media":0,"parent":0,"menu_order":8,"comment_status":"open","ping_status":"open","template":"","meta":{"_acf_changed":false,"footnotes":""},"class_list":["post-314","page","type-page","status-publish","hentry"],"acf":[],"_links":{"self":[{"href":"http:\/\/choeur-schutz.fr\/web_schutz\/index.php?rest_route=\/wp\/v2\/pages\/314","targetHints":{"allow":["GET"]}}],"collection":[{"href":"http:\/\/choeur-schutz.fr\/web_schutz\/index.php?rest_route=\/wp\/v2\/pages"}],"about":[{"href":"http:\/\/choeur-schutz.fr\/web_schutz\/index.php?rest_route=\/wp\/v2\/types\/page"}],"author":[{"embeddable":true,"href":"http:\/\/choeur-schutz.fr\/web_schutz\/index.php?rest_route=\/wp\/v2\/users\/1"}],"replies":[{"embeddable":true,"href":"http:\/\/choeur-schutz.fr\/web_schutz\/index.php?rest_route=%2Fwp%2Fv2%2Fcomments&post=314"}],"version-history":[{"count":24,"href":"http:\/\/choeur-schutz.fr\/web_schutz\/index.php?rest_route=\/wp\/v2\/pages\/314\/revisions"}],"predecessor-version":[{"id":20781,"href":"http:\/\/choeur-schutz.fr\/web_schutz\/index.php?rest_route=\/wp\/v2\/pages\/314\/revisions\/20781"}],"wp:attachment":[{"href":"http:\/\/choeur-schutz.fr\/web_schutz\/index.php?rest_route=%2Fwp%2Fv2%2Fmedia&parent=314"}],"curies":[{"name":"wp","href":"https:\/\/api.w.org\/{rel}","templated":true}]}}

<h1><span style="color: #666699;"><a style="color: #666699;" href="https://www.lachapellevocale.org"><strong><span style="color: #333399;">La chapelle vocale de </span><span style="color: #666699;"><span style="color: #333399;">Lausanne</span></span></strong></a></span></h1>
<h1><a href="https://club-choir.web.cern.ch/fr"><strong><span style="color: #666699;">Chœur du CERN</span></strong></a><br /><br /><span style="color: #666699;"><a style="color: #666699;" href="http://www.baroqueleman.ch">Orchestre baroque du Léman</a></span></h1>
<h1><span style="color: #666699;"><a style="color: #666699;" href="http://jeunvoix.pagesperso-orange.fr/index.html">Ensemble jeun&rsquo;voix</a></span></h1>
<h1><span style="color: #666699;"><a style="color: #666699;" href="http://www.ferney-voltaire.fr/TPL_CODE/TPL_EVENEMENT/PAR_TPL_IDENTIFIANT/358/113-evenements.htm">Commune de FERNEY-VOLTAIRE- Évènements</a></span></h1>
<h1><span style="color: #666699;"><a style="color: #666699;" href="http://www.festivalmontblanc.fr">Festival baroque du Mont-Blanc</a></span></h1>
<h1><span style="color: #666699;"><a style="color: #666699;" href="http://www.festivalorguechamonix.fr">Les heures d&rsquo;orgue de Chamonix</a></span></h1>
<h1><span style="color: #666699;"><a style="color: #666699;" href="http://www.notre-orgue.com/index.htm">Les amis de l&rsquo;orgue de Lanfon Veyrier</a></span></h1>
<h1><span style="color: #666699;"><a style="color: #666699;" href="https://lesorguesdebeaumont74.com/">Les amis de l&rsquo;orgue de Beaumont</a></span></h1>
<h1><span style="color: #666699;"><a style="color: #666699;" href="https://www.musiqueetnature.fr" target="_blank" rel="noopener">Festival Musique et Nature en Bauges</a></span></h1>
<h1> </h1>
<h1> </h1>


<p></p>

<p>La chapelle vocale de Lausanne Chœur du CERN Orchestre baroque du Léman Ensemble jeun&rsquo;voix Commune de FERNEY-VOLTAIRE- Évènements Festival baroque du Mont-Blanc Les heures d&rsquo;orgue de Chamonix Les amis de l&rsquo;orgue de Lanfon Veyrier Les amis de l&rsquo;orgue de Beaumont Festival &hellip; <a href="http://choeur-schutz.fr/web_schutz/?page_id=314">Continuer la lecture <span class="meta-nav">&rarr;</span></a></p>
