{"id":528,"date":"2016-05-25T18:35:48","date_gmt":"2016-05-25T17:35:48","guid":{"rendered":"http:\/\/choeur-schutz.fr\/web_schutz\/?page_id=528"},"modified":"2018-02-12T21:04:19","modified_gmt":"2018-02-12T20:04:19","slug":"saison-2016","status":"publish","type":"page","link":"http:\/\/choeur-schutz.fr\/web_schutz\/?page_id=528","title":{"rendered":"saison 2016"},"content":{"rendered":"<h2>Saison 2016:<br \/>\n<span style=\"color: #993366;\">Musiques en miroir&#8230;<\/span><\/h2>\n<ul>\n<li>Pentec\u00f4te 2016 en l&rsquo;\u00e9glise de Roissard dans le Tri\u00e8ves (38)<\/li>\n<li>19 novembre 2016 : \u00e9glise de Thoiry dans l&rsquo;Ain<\/li>\n<li>20 novembre 2016 : \u00e9glise Saint Fran\u00e7ois d&rsquo;Annecy<\/li>\n<\/ul>\n<h2><a href=\"http:\/\/choeur-schutz.fr\/web_schutz\/wp-content\/uploads\/2014\/11\/miroirs-finie.jpeg\" data-rel=\"lightbox-image-0\" data-rl_title=\"\" data-rl_caption=\"\" title=\"\"><img loading=\"lazy\" decoding=\"async\" class=\"alignnone wp-image-567 size-thumbnail\" src=\"http:\/\/choeur-schutz.fr\/web_schutz\/wp-content\/uploads\/2014\/11\/miroirs-finie-110x150.jpeg\" alt=\"miroirs-finie\" width=\"110\" height=\"150\" srcset=\"http:\/\/choeur-schutz.fr\/web_schutz\/wp-content\/uploads\/2014\/11\/miroirs-finie-110x150.jpeg 110w, http:\/\/choeur-schutz.fr\/web_schutz\/wp-content\/uploads\/2014\/11\/miroirs-finie-220x300.jpeg 220w, http:\/\/choeur-schutz.fr\/web_schutz\/wp-content\/uploads\/2014\/11\/miroirs-finie.jpeg 470w\" sizes=\"auto, (max-width: 110px) 100vw, 110px\" \/><\/a><\/h2>\n<h2 style=\"text-align: left;\"><span style=\"color: #800080;\">V\u00eapres de la vierge de A. Scarlatti<\/span><\/h2>\n<h4 style=\"text-align: left;\">Ce concert a \u00e9t\u00e9 donn\u00e9\u00a0les 9 et 10 juillet \u00a0\u00e0 Annecy et \u00e0 Thorens Gli\u00e8res.<br \/>\nle 21 juillet \u00e0 Macot la Plagne en Tarentaise<br \/>\nle 22 juillet \u00e0 Lanslebourg en Maurienne.<\/h4>\n<div id=\"attachment_559\" style=\"width: 160px\" class=\"wp-caption alignleft\"><a href=\"http:\/\/choeur-schutz.fr\/web_schutz\/wp-content\/uploads\/2014\/11\/encart-couleur-site-rectifi\u00e9.jpeg\" data-rel=\"lightbox-image-1\" data-rl_title=\"\" data-rl_caption=\"\" title=\"\"><img loading=\"lazy\" decoding=\"async\" aria-describedby=\"caption-attachment-559\" class=\"wp-image-559 size-thumbnail\" src=\"http:\/\/choeur-schutz.fr\/web_schutz\/wp-content\/uploads\/2014\/11\/encart-couleur-site-rectifi\u00e9-150x107.jpeg\" alt=\"SAMSUNG CAMERA PICTURES\" width=\"150\" height=\"107\" srcset=\"http:\/\/choeur-schutz.fr\/web_schutz\/wp-content\/uploads\/2014\/11\/encart-couleur-site-rectifi\u00e9-150x107.jpeg 150w, http:\/\/choeur-schutz.fr\/web_schutz\/wp-content\/uploads\/2014\/11\/encart-couleur-site-rectifi\u00e9-300x214.jpeg 300w, http:\/\/choeur-schutz.fr\/web_schutz\/wp-content\/uploads\/2014\/11\/encart-couleur-site-rectifi\u00e9-768x549.jpeg 768w, http:\/\/choeur-schutz.fr\/web_schutz\/wp-content\/uploads\/2014\/11\/encart-couleur-site-rectifi\u00e9-1024x732.jpeg 1024w, http:\/\/choeur-schutz.fr\/web_schutz\/wp-content\/uploads\/2014\/11\/encart-couleur-site-rectifi\u00e9-600x429.jpeg 600w\" sizes=\"auto, (max-width: 150px) 100vw, 150px\" \/><\/a><p id=\"caption-attachment-559\" class=\"wp-caption-text\">SAMSUNG CAMERA PICTURES<\/p><\/div>\n<h2><a href=\"http:\/\/choeur-schutz.fr\/web_schutz\/wp-content\/uploads\/2014\/01\/programme-page-2-bis.jpeg\" data-rel=\"lightbox-image-2\" data-rl_title=\"\" data-rl_caption=\"\" title=\"\"><img loading=\"lazy\" decoding=\"async\" class=\"alignnone wp-image-558 \" src=\"http:\/\/choeur-schutz.fr\/web_schutz\/wp-content\/uploads\/2014\/01\/programme-page-2-bis-e1465850266373.jpeg\" alt=\"programme page 2 bis\" width=\"229\" height=\"279\" srcset=\"http:\/\/choeur-schutz.fr\/web_schutz\/wp-content\/uploads\/2014\/01\/programme-page-2-bis-e1465850266373.jpeg 354w, http:\/\/choeur-schutz.fr\/web_schutz\/wp-content\/uploads\/2014\/01\/programme-page-2-bis-e1465850266373-123x150.jpeg 123w, http:\/\/choeur-schutz.fr\/web_schutz\/wp-content\/uploads\/2014\/01\/programme-page-2-bis-e1465850266373-246x300.jpeg 246w\" sizes=\"auto, (max-width: 229px) 100vw, 229px\" \/><br \/>\n<span style=\"color: #993366;\">M<\/span><\/a><span style=\"color: #993366;\">\u00e9rope de Karl Heinrich Graun &#8211; 20 octobre &#8211; Ferney Voltaire &#8211;<\/span><\/h2>\n<p><a href=\"http:\/\/choeur-schutz.fr\/web_schutz\/wp-content\/uploads\/2014\/11\/Flyer-Me\u011brope.jpg\" data-rel=\"lightbox-image-3\" data-rl_title=\"\" data-rl_caption=\"\" title=\"\"><img loading=\"lazy\" decoding=\"async\" class=\"alignnone wp-image-571 size-thumbnail\" src=\"http:\/\/choeur-schutz.fr\/web_schutz\/wp-content\/uploads\/2014\/11\/Flyer-Me\u011brope-106x150.jpg\" alt=\"flyer-meerope\" width=\"106\" height=\"150\" \/><\/a><\/p>\n","protected":false},"excerpt":{"rendered":"<p>Saison 2016: Musiques en miroir&#8230; Pentec\u00f4te 2016 en l&rsquo;\u00e9glise de Roissard dans le Tri\u00e8ves (38) 19 novembre 2016 : \u00e9glise de Thoiry dans l&rsquo;Ain 20 novembre 2016 : \u00e9glise Saint Fran\u00e7ois d&rsquo;Annecy V\u00eapres de la vierge de A. Scarlatti Ce &hellip; <a href=\"http:\/\/choeur-schutz.fr\/web_schutz\/?page_id=528\">Continuer la lecture <span class=\"meta-nav\">&rarr;<\/span><\/a><\/p>\n","protected":false},"author":1,"featured_media":0,"parent":306,"menu_order":2,"comment_status":"closed","ping_status":"closed","template":"","meta":{"_acf_changed":false,"footnotes":""},"class_list":["post-528","page","type-page","status-publish","hentry"],"acf":[],"_links":{"self":[{"href":"http:\/\/choeur-schutz.fr\/web_schutz\/index.php?rest_route=\/wp\/v2\/pages\/528","targetHints":{"allow":["GET"]}}],"collection":[{"href":"http:\/\/choeur-schutz.fr\/web_schutz\/index.php?rest_route=\/wp\/v2\/pages"}],"about":[{"href":"http:\/\/choeur-schutz.fr\/web_schutz\/index.php?rest_route=\/wp\/v2\/types\/page"}],"author":[{"embeddable":true,"href":"http:\/\/choeur-schutz.fr\/web_schutz\/index.php?rest_route=\/wp\/v2\/users\/1"}],"replies":[{"embeddable":true,"href":"http:\/\/choeur-schutz.fr\/web_schutz\/index.php?rest_route=%2Fwp%2Fv2%2Fcomments&post=528"}],"version-history":[{"count":4,"href":"http:\/\/choeur-schutz.fr\/web_schutz\/index.php?rest_route=\/wp\/v2\/pages\/528\/revisions"}],"predecessor-version":[{"id":587,"href":"http:\/\/choeur-schutz.fr\/web_schutz\/index.php?rest_route=\/wp\/v2\/pages\/528\/revisions\/587"}],"up":[{"embeddable":true,"href":"http:\/\/choeur-schutz.fr\/web_schutz\/index.php?rest_route=\/wp\/v2\/pages\/306"}],"wp:attachment":[{"href":"http:\/\/choeur-schutz.fr\/web_schutz\/index.php?rest_route=%2Fwp%2Fv2%2Fmedia&parent=528"}],"curies":[{"name":"wp","href":"https:\/\/api.w.org\/{rel}","templated":true}]}}

<h2>Saison 2016:<br />
<span style="color: #993366;">Musiques en miroir&#8230;</span></h2>
<ul>
<li>Pentecôte 2016 en l&rsquo;église de Roissard dans le Trièves (38)</li>
<li>19 novembre 2016 : église de Thoiry dans l&rsquo;Ain</li>
<li>20 novembre 2016 : église Saint François d&rsquo;Annecy</li>
</ul>
<h2><a href="http://choeur-schutz.fr/web_schutz/wp-content/uploads/2014/11/miroirs-finie.jpeg" data-rel="lightbox-image-0" data-rl_title="" data-rl_caption="" title=""><img loading="lazy" decoding="async" class="alignnone wp-image-567 size-thumbnail" src="http://choeur-schutz.fr/web_schutz/wp-content/uploads/2014/11/miroirs-finie-110x150.jpeg" alt="miroirs-finie" width="110" height="150" srcset="http://choeur-schutz.fr/web_schutz/wp-content/uploads/2014/11/miroirs-finie-110x150.jpeg 110w, http://choeur-schutz.fr/web_schutz/wp-content/uploads/2014/11/miroirs-finie-220x300.jpeg 220w, http://choeur-schutz.fr/web_schutz/wp-content/uploads/2014/11/miroirs-finie.jpeg 470w" sizes="auto, (max-width: 110px) 100vw, 110px" /></a></h2>
<h2 style="text-align: left;"><span style="color: #800080;">Vêpres de la vierge de A. Scarlatti</span></h2>
<h4 style="text-align: left;">Ce concert a été donné les 9 et 10 juillet  à Annecy et à Thorens Glières.<br />
le 21 juillet à Macot la Plagne en Tarentaise<br />
le 22 juillet à Lanslebourg en Maurienne.</h4>
<div id="attachment_559" style="width: 160px" class="wp-caption alignleft"><a href="http://choeur-schutz.fr/web_schutz/wp-content/uploads/2014/11/encart-couleur-site-rectifié.jpeg" data-rel="lightbox-image-1" data-rl_title="" data-rl_caption="" title=""><img loading="lazy" decoding="async" aria-describedby="caption-attachment-559" class="wp-image-559 size-thumbnail" src="http://choeur-schutz.fr/web_schutz/wp-content/uploads/2014/11/encart-couleur-site-rectifié-150x107.jpeg" alt="SAMSUNG CAMERA PICTURES" width="150" height="107" srcset="http://choeur-schutz.fr/web_schutz/wp-content/uploads/2014/11/encart-couleur-site-rectifié-150x107.jpeg 150w, http://choeur-schutz.fr/web_schutz/wp-content/uploads/2014/11/encart-couleur-site-rectifié-300x214.jpeg 300w, http://choeur-schutz.fr/web_schutz/wp-content/uploads/2014/11/encart-couleur-site-rectifié-768x549.jpeg 768w, http://choeur-schutz.fr/web_schutz/wp-content/uploads/2014/11/encart-couleur-site-rectifié-1024x732.jpeg 1024w, http://choeur-schutz.fr/web_schutz/wp-content/uploads/2014/11/encart-couleur-site-rectifié-600x429.jpeg 600w" sizes="auto, (max-width: 150px) 100vw, 150px" /></a><p id="caption-attachment-559" class="wp-caption-text">SAMSUNG CAMERA PICTURES</p></div>
<h2><a href="http://choeur-schutz.fr/web_schutz/wp-content/uploads/2014/01/programme-page-2-bis.jpeg" data-rel="lightbox-image-2" data-rl_title="" data-rl_caption="" title=""><img loading="lazy" decoding="async" class="alignnone wp-image-558 " src="http://choeur-schutz.fr/web_schutz/wp-content/uploads/2014/01/programme-page-2-bis-e1465850266373.jpeg" alt="programme page 2 bis" width="229" height="279" srcset="http://choeur-schutz.fr/web_schutz/wp-content/uploads/2014/01/programme-page-2-bis-e1465850266373.jpeg 354w, http://choeur-schutz.fr/web_schutz/wp-content/uploads/2014/01/programme-page-2-bis-e1465850266373-123x150.jpeg 123w, http://choeur-schutz.fr/web_schutz/wp-content/uploads/2014/01/programme-page-2-bis-e1465850266373-246x300.jpeg 246w" sizes="auto, (max-width: 229px) 100vw, 229px" /><br />
<span style="color: #993366;">M</span></a><span style="color: #993366;">érope de Karl Heinrich Graun &#8211; 20 octobre &#8211; Ferney Voltaire &#8211;</span></h2>
<p><a href="http://choeur-schutz.fr/web_schutz/wp-content/uploads/2014/11/Flyer-Meěrope.jpg" data-rel="lightbox-image-3" data-rl_title="" data-rl_caption="" title=""><img loading="lazy" decoding="async" class="alignnone wp-image-571 size-thumbnail" src="http://choeur-schutz.fr/web_schutz/wp-content/uploads/2014/11/Flyer-Meěrope-106x150.jpg" alt="flyer-meerope" width="106" height="150" /></a></p>

<p>Saison 2016: Musiques en miroir&#8230; Pentecôte 2016 en l&rsquo;église de Roissard dans le Trièves (38) 19 novembre 2016 : église de Thoiry dans l&rsquo;Ain 20 novembre 2016 : église Saint François d&rsquo;Annecy Vêpres de la vierge de A. Scarlatti Ce &hellip; <a href="http://choeur-schutz.fr/web_schutz/?page_id=528">Continuer la lecture <span class="meta-nav">&rarr;</span></a></p>
